. Is g a prime number?
False
Let y be (2 + -2)/2 - 112. Let w = y + 158. Is w a composite number?
True
Let g(m) be the first derivative of 1 + 4*m**2 - 1/3*m**3 + 7*m. Is g(5) prime?
False
Let o(v) = 9*v**3 + v**2 + v - 1. Let k be 4/6*(-3)/(-2). Is o(k) a composite number?
True
Suppose 0 = w - 8 - 30. Suppose -a - w = 15. Let i = a - -202. Is i prime?
True
Let k(o) = -2*o**3 + o**2. Let n = -2 - -3. Let s be k(n). Let q(j) = -34*j + 1. Is q(s) a composite number?
True
Let c(n) = 4*n - 1. Let s be c(1). Suppose 3*b = -a + 247, 2*b - 2*a + 79 = s*b. Is b a prime number?
True
Let a = 16 + 159. Let m = a - 86. Is m a prime number?
True
Suppose -147 = -f + 38. Is f composite?
True
Let f be -2 - 5/((-5)/96). Let r = f + -61. Is r composite?
True
Let i = -2000 - -3643. Is i prime?
False
Suppose 80 = 10*o - 6*o. Is 852/o + (-6)/(-15) a prime number?
True
Let x(q) = 9*q**2 + 5*q + 7. Is x(-2) composite?
True
Suppose -n = 4*k + 16, 5*n - 16 = 4*k - 0. Suppose 2*p - 20 = 5*u, -5*u = -4*p - n*u + 20. Is 4/(-2) + p + 55 a prime number?
True
Let w be 3*4*12/9. Let t be 1/1*w/4. Is (-1)/((t/(-50))/2) composite?
True
Let z(a) = -78 + 248 + 10*a**2 - 5*a - 5*a**2. Let x(f) = 3*f**2 - 3*f + 85. Let g(k) = -7*x(k) + 4*z(k). Is g(0) prime?
False
Suppose 0 = -2*d + 3*v + 12, -d + 3*d - 12 = -3*v. Let a = 0 + d. Is a composite?
True
Suppose 1932 = -z + 5*z. Suppose -y + z = 2*y. Is y a composite number?
True
Let n(j) = 2*j**2 - 2*j + 3. Let r be n(4). Let g = r - 17. Suppose 0 = -f + g - 0. Is f prime?
False
Let u(f) = 4*f**2 + 8*f + 6. Let t be u(-6). Let n be (6/(-4))/(3/(-102)). Suppose 3*o - t = n. Is o composite?
True
Suppose -1572 = -2*w - 2*s, 2*s - s + 3139 = 4*w. Is w composite?
True
Suppose 7608 = 5*j + 3*t, -5*j + 5162 = -3*t - 2470. Is 6/(-9)*j/(-8) a prime number?
True
Let j = 226 - 133. Let v = -35 + j. Is v prime?
False
Let y(i) = 27*i**2 + 3*i + 4. Is y(-2) prime?
False
Let p(y) = -2*y + 4. Let r be (-1 - -2)/(3/(-9)). Let d be p(r). Suppose -b + 23 = -d. Is b prime?
False
Suppose 0*f - 3*f = -15. Suppose -5*l - 4*t + 1136 = -155, 0 = 3*l + f*t - 772. Is l a prime number?
False
Suppose -2 = -5*w + 8. Suppose -3*f + 228 = -2*f - w*s, -4*f + 905 = -s. Is f prime?
False
Suppose 5*k = -4*y + y + 2351, -4*k + 3927 = 5*y. Is y a prime number?
True
Suppose -1 + 2 = h, 0 = -r + 5*h + 890. Is r prime?
False
Suppose 4*s = s - 75. Let x = 101 + s. Let c = 237 - x. Is c composite?
True
Is (883 - -2*1) + (-17 - -19) a prime number?
True
Let y(x) = -10*x**3 + x**2 + 3*x + 1. Let u(o) = o**3 - 5*o**2 + 5*o - 3. Let k be u(4). Let d be (2/(-4))/(k/4). Is y(d) composite?
False
Suppose 5*t = 3*s + 84, -6*s - 4*t - 177 = -s. Is (-4642)/s*(-3)/(-2) a prime number?
True
Let h be 3435/(3 + -6) - 2. Let z be h/(-1) + 0 + 2. Let q = z + -736. Is q a composite number?
True
Suppose 0*g + 4*g = -c - 10, -2*c + 3*g = -13. Suppose 1 = -s + 5*a, c*s - a + 2 = -0*a. Is (-60)/(-1 + -1) - s a prime number?
True
Let m = 175 - -36. Is m a prime number?
True
Let j = -7 + 12. Let x = 5 + -14. Let s = j - x. Is s a prime number?
False
Let w(n) = 2*n**2 + 10*n - 19. Is w(-9) prime?
True
Suppose -259 + 838 = 3*d. Let x = -87 + d. Is x a composite number?
True
Let f be 30/9*48/5. Suppose 2*m - f = -4*b, m - 6*m = 4*b - 110. Is m a composite number?
True
Is 768 + -4 + 2 - -3 a prime number?
True
Let k be 57/18 + 1/(-6). Is (-94)/k*(-18)/12 a composite number?
False
Let p = -136 - -218. Suppose h + 2 = p. Let g = h + -27. Is g a prime number?
True
Let z be 6*(18/(-4))/(-3). Let d be (-30)/(-4)*(-12)/(-10). Is (555/z)/(3/d) a composite number?
True
Is 2*(2 - 585/(-6)) a composite number?
False
Let y be (-22)/(3 + (-57)/21). Let z = -44 - y. Is z a prime number?
False
Let z = 1 + 2. Suppose z = 3*k - 4*k. Is (1/(-3))/(k/531) prime?
True
Let u(p) = -2*p + 8. Let h be u(6). Is h + 1 + 0 + 72 a prime number?
False
Let k(v) = -2*v + 2*v - 3*v + 2*v. Let l be k(-6). Is (-2)/(-4) + 939/l a prime number?
True
Suppose 3*u = -5*z + 1905, -4*z - 3*u = -0*u - 1524. Suppose -2*v - 381 = -3*f + 2*v, 3*f - 3*v - z = 0. Is f prime?
True
Let z be 4/14 + 60/35. Is -1 - (-13 + z/(-2)) a prime number?
True
Let d = -1231 - -1788. Suppose 2*k + 6*n - 362 = n, 3*k - d = -4*n. Is k a prime number?
True
Let z(l) = 31*l**2 + 6*l - 1. Let k(p) = -32*p**2 - 5*p + 1. Let o(d) = -5*k(d) - 4*z(d). Is o(-2) composite?
True
Suppose 0 = f - 4, -2*t = 2*t + f - 5448. Is t prime?
True
Is (((-1)/2)/1)/(4/(-3512)) a composite number?
False
Is ((-10383)/(-9) + -2)/(3/9) composite?
True
Let b(a) = -a**3 + 8*a**2 + 11*a + 3. Let t = 4 + 5. Is b(t) a prime number?
False
Suppose -r - 850 = -0*r. Let v be (2/(-5))/((-5)/r). Let c = -35 - v. Is c prime?
False
Is -4 - (-1844)/8*6 a composite number?
True
Suppose 0*d = -d - 16. Let x be 1/4 - 4428/d. Suppose 0 = o + g - 77, -4*o + 5*g = -x - 31. Is o composite?
True
Let l(d) = 2*d**3 + d**2 - 8*d + 19. Is l(14) a composite number?
False
Suppose -3*m + 666 = o, -23 - 203 = -m + o. Let s = 312 - m. Is s composite?
False
Let g = 380 + -249. Let f = -73 + g. Is f composite?
True
Suppose 4*z + 2*i = -10 + 28, -i + 13 = 4*z. Let l = 117 - z. Is l prime?
False
Suppose 0*s + 148 = 2*s. Suppose 5*w + 0*w - 43 = 2*r, -5*r = 5*w - 15. Let u = s - w. Is u a composite number?
False
Suppose 0 = -h, 2*w + 0*h - h - 298 = 0. Is w a composite number?
False
Suppose -j = -4*j - 3*a + 501, -5*a + 159 = j. Is j a prime number?
False
Suppose 4*g = g. Is (-17)/(-1) - (3 + g) a prime number?
False
Suppose 4*m + 2*n - 22 = 0, -4*n + 7 = -5. Let k be -4 - -6 - (1 - m). Suppose -h - 2*a + 21 = 0, -a - 2*a - 40 = -k*h. Is h a composite number?
False
Suppose -234 = -3*i + 129. Suppose f - 37 = 3*k, 0*f - 4*k = -3*f + i. Is f composite?
False
Let w = 0 - -2. Suppose -3*i + 0*q + 2*q = -8, -3*q - 12 = w*i. Suppose i = 5*b - 24 - 71. Is b composite?
False
Let r(i) = -26*i - 15. Is r(-19) a prime number?
True
Let g be -1*((-3)/1)/3. Let j be 0/1 - (1 - g). Let h(u) = u + 13. Is h(j) a composite number?
False
Let v be 5*3*(-1)/(-3). Suppose 2*u + 5*h = 0, 0 = -u - 6*h + h - v. Suppose -s + d + 31 = -2*d, 3*s = u*d + 77. Is s a prime number?
True
Suppose -2*j + 1 + 9 = 0. Suppose -2*h = -3*h - j. Let a(l) = l**2 - 6. Is a(h) a composite number?
False
Is 0 + 1 - (-157 - -1) a composite number?
False
Let v = 3 - -1. Let l be (1 - 1) + 18 + v. Suppose 67 = i - l. Is i a prime number?
True
Let a be (-1)/(-5) + 24/5. Suppose r = -r + a*p + 28, 4*r + p - 12 = 0. Suppose 2*f = -r*j + 58, -2*f - 58 = -4*j - 12. Is j composite?
False
Let f(c) = -c**3 + 3*c**2 + c + 4. Let k = -18 - -15. Is f(k) prime?
False
Let i = 432 - 297. Let x be 1/(-2)*-2 + i. Suppose 5*k = -3*u + 177, 6*k - x = 2*k - u. Is k a prime number?
False
Let m be (-497)/1 + (-1 - -2). Let x = m + 312. Is x/(-24) + (-4)/6 a composite number?
False
Let j(o) = -o**3 - 4*o**2 + 4*o - 2. Let c be j(-5). Suppose -22 = -3*n + 5*s, 2*n - 5*s - 26 + c = 0. Let h = 38 + n. Is h prime?
True
Suppose -6*z + 3*z - 3*f = -2904, 2*f = 2*z - 1948. Is z composite?
False
Suppose a + 64 = 241. Is a a composite number?
True
Suppose -5*g + 17 = -0*g + 2*q, 0 = -2*g - q + 6. Suppose 0 = -3*s + 2*s + 5. Is g*(0 - (-14)/s) composite?
True
Suppose -5*l - 36 = 2*z - l, -4*z = 2*l + 96. Let u = -38 - z. Is (-71)/(-3) + 8/u composite?
False
Suppose 4*c - 3*j + 44 = 0, 5*j - 34 = c - 6. Let f be ((-46)/c)/(2/8). Suppose -5*g = -3*t - f, 36 = 4*g - 0*t + 2*t. Is g prime?
True
Suppose 260 - 1834 = -2*a. Is a a prime number?
True
Suppose -z + 35 = -8. Is z composite?
False
Let c be (-1)/(-4) + (-28)/(-16). Suppose 0*f + 280 = c*f. Suppose 0*x = -4*x + f. Is x a composite number?
True
Let u(d) = d - 6. Let i be u(10). Suppose -i*g + 2*g = -4*p + 308, -g = 0. Is p composite?
True
Let b = 4573 + -2471. Is b a composite number?
True
Is 522 - 0 - (9 + -5 + -3) prime?
True
Is (-2)/(-8) + 441/12 a composite number?
False
Let y be -3 - (0 + 0 + 0). Is y + 7/((-28)/(-592)) prime?
False
Let m be 1/(1 - (-8)/(-10)). Suppose 0 = 4*h - h - 426. Suppose m*k - 273 = h. Is k a prime number?
True
Suppose -822 = 5*s - 7*s + 4*m, 3 = 3*m. Is s a prime number?
False
Let g(s) = 14*s + 10. Let w be g(9). Let v = w + -69. Is v a composite number?
False
Let k = -5 - -7. Suppose -z = k*z - 6. Suppose 3*a - 19 = z*a. 